{"id":2856,"date":"2023-04-21T21:02:30","date_gmt":"2023-04-21T21:02:30","guid":{"rendered":"https:\/\/noticiasdenayarit.com\/?page_id=2856"},"modified":"2025-01-05T20:01:44","modified_gmt":"2025-01-06T02:01:44","slug":"lucifer","status":"publish","type":"page","link":"https:\/\/wpt.noticiasdenayarit.com\/?page_id=2856","title":{"rendered":"Lucifer"},"content":{"rendered":"<p>Peri\u00f3dico Lucifer<\/p><p><strong>A\u00f1o: <\/strong>1895<\/p><p><strong>Ciudad:<\/strong> Tepic<\/p><p><strong>Semanario<\/strong><\/p><p><strong>Circulaci\u00f3n: <\/strong>1880-1911<\/p><p><strong>Director:<\/strong> Antonio Zaragoza<\/p><p><strong>Imprenta:<\/strong> Antonio Legaspi<\/p><p><\/p>","protected":false},"excerpt":{"rendered":"<p>Peri\u00f3dico Lucifer A\u00f1o: 1895 Ciudad: Tepic Semanario Circulaci\u00f3n: 1880-1911 Director: Antonio Zaragoza Imprenta: Antonio Legaspi<\/p>\n","protected":false},"author":1,"featured_media":0,"parent":0,"menu_order":0,"comment_status":"closed","ping_status":"closed","template":"","meta":{"footnotes":""},"class_list":["post-2856","page","type-page","status-publish","hentry"],"_links":{"self":[{"href":"https:\/\/wpt.noticiasdenayarit.com\/index.php?rest_route=\/wp\/v2\/pages\/2856","targetHints":{"allow":["GET"]}}],"collection":[{"href":"https:\/\/wpt.noticiasdenayarit.com\/index.php?rest_route=\/wp\/v2\/pages"}],"about":[{"href":"https:\/\/wpt.noticiasdenayarit.com\/index.php?rest_route=\/wp\/v2\/types\/page"}],"author":[{"embeddable":true,"href":"https:\/\/wpt.noticiasdenayarit.com\/index.php?rest_route=\/wp\/v2\/users\/1"}],"replies":[{"embeddable":true,"href":"https:\/\/wpt.noticiasdenayarit.com\/index.php?rest_route=%2Fwp%2Fv2%2Fcomments&post=2856"}],"version-history":[{"count":6,"href":"https:\/\/wpt.noticiasdenayarit.com\/index.php?rest_route=\/wp\/v2\/pages\/2856\/revisions"}],"predecessor-version":[{"id":3649,"href":"https:\/\/wpt.noticiasdenayarit.com\/index.php?rest_route=\/wp\/v2\/pages\/2856\/revisions\/3649"}],"wp:attachment":[{"href":"https:\/\/wpt.noticiasdenayarit.com\/index.php?rest_route=%2Fwp%2Fv2%2Fmedia&parent=2856"}],"curies":[{"name":"wp","href":"https:\/\/api.w.org\/{rel}","templated":true}]}}