{"id":3013,"date":"2023-08-25T19:16:08","date_gmt":"2023-08-25T19:16:08","guid":{"rendered":"https:\/\/noticiasdenayarit.com\/?page_id=3013"},"modified":"2024-11-04T16:01:47","modified_gmt":"2024-11-04T22:01:47","slug":"creditos","status":"publish","type":"page","link":"https:\/\/wpt.noticiasdenayarit.com\/?page_id=3013","title":{"rendered":"Cr\u00e9ditos"},"content":{"rendered":"<p class=\"has-text-align-center\"><strong>Hemeroteca Digital<\/strong><\/p><p><strong><em>Desarrollo y coordinaci\u00f3n de proyecto:<\/em><\/strong> L.B. Ulises Castrej\u00f3n Murillo<\/p><p><strong><em>Edici\u00f3n y actualizaci\u00f3n de plataforma: <\/em><\/strong>Abigail Ram\u00edrez Betancourt<\/p><p><strong><em>Digitalizaci\u00f3n documental<\/em><\/strong>: <\/p><p>Arturo Mart\u00ednez Simental<\/p><p>                                             L.A. H\u00e9ctor Mart\u00ednez Rivera<\/p><p>Sandra Alejandra Hern\u00e1ndez Mart\u00ednez<\/p><p class=\"has-text-align-center\"><strong>Cr\u00e9ditos Institucionales<\/strong><\/p><p><strong><em>Rectora Universidad Aut\u00f3noma de Nayarit:<\/em><\/strong> Dra. Norma Liliana Galv\u00e1n Meza<\/p><p><strong><em>Secretaria Acad\u00e9mica:<\/em><\/strong> Mtra. Mar\u00eda del Carmen Navarro T\u00e9llez<\/p><p><strong><em>Directora de Desarrollo Bibliotecario:<\/em><\/strong> Mtra. Mar\u00eda Magdalena Sandoval Jim\u00e9nez<\/p><p><strong><em>Coordinador Sistemas Digitales de Informaci\u00f3n:<\/em><\/strong> L.B. Ulises Castrej\u00f3n Murillo<\/p><p><\/p>","protected":false},"excerpt":{"rendered":"<p>Hemeroteca Digital Desarrollo y coordinaci\u00f3n de proyecto: L.B. Ulises Castrej\u00f3n Murillo Edici\u00f3n y actualizaci\u00f3n de plataforma: Abigail Ram\u00edrez Betancourt Digitalizaci\u00f3n documental: Arturo Mart\u00ednez Simental L.A. H\u00e9ctor Mart\u00ednez Rivera Sandra Alejandra Hern\u00e1ndez Mart\u00ednez Cr\u00e9ditos Institucionales Rectora Universidad Aut\u00f3noma de Nayarit: Dra. Norma Liliana Galv\u00e1n Meza Secretaria Acad\u00e9mica: Mtra. Mar\u00eda del Carmen Navarro T\u00e9llez Directora de Desarrollo Bibliotecario: Mtra. Mar\u00eda Magdalena Sandoval Jim\u00e9nez Coordinador Sistemas Digitales de Informaci\u00f3n: L.B. Ulises Castrej\u00f3n Murillo<\/p>\n","protected":false},"author":1,"featured_media":0,"parent":0,"menu_order":0,"comment_status":"closed","ping_status":"closed","template":"","meta":{"footnotes":""},"class_list":["post-3013","page","type-page","status-publish","hentry"],"_links":{"self":[{"href":"https:\/\/wpt.noticiasdenayarit.com\/index.php?rest_route=\/wp\/v2\/pages\/3013","targetHints":{"allow":["GET"]}}],"collection":[{"href":"https:\/\/wpt.noticiasdenayarit.com\/index.php?rest_route=\/wp\/v2\/pages"}],"about":[{"href":"https:\/\/wpt.noticiasdenayarit.com\/index.php?rest_route=\/wp\/v2\/types\/page"}],"author":[{"embeddable":true,"href":"https:\/\/wpt.noticiasdenayarit.com\/index.php?rest_route=\/wp\/v2\/users\/1"}],"replies":[{"embeddable":true,"href":"https:\/\/wpt.noticiasdenayarit.com\/index.php?rest_route=%2Fwp%2Fv2%2Fcomments&post=3013"}],"version-history":[{"count":3,"href":"https:\/\/wpt.noticiasdenayarit.com\/index.php?rest_route=\/wp\/v2\/pages\/3013\/revisions"}],"predecessor-version":[{"id":3449,"href":"https:\/\/wpt.noticiasdenayarit.com\/index.php?rest_route=\/wp\/v2\/pages\/3013\/revisions\/3449"}],"wp:attachment":[{"href":"https:\/\/wpt.noticiasdenayarit.com\/index.php?rest_route=%2Fwp%2Fv2%2Fmedia&parent=3013"}],"curies":[{"name":"wp","href":"https:\/\/api.w.org\/{rel}","templated":true}]}}