{"id":3475,"date":"2024-11-19T15:09:49","date_gmt":"2024-11-19T21:09:49","guid":{"rendered":"https:\/\/noticiasdenayarit.com\/?page_id=3475"},"modified":"2025-01-05T19:54:46","modified_gmt":"2025-01-06T01:54:46","slug":"la-prensa-de-nayarit","status":"publish","type":"page","link":"https:\/\/wpt.noticiasdenayarit.com\/?page_id=3475","title":{"rendered":"La Prensa de Nayarit"},"content":{"rendered":"<p><strong>T\u00edtulo:<\/strong> La Prensa de Nayarit<\/p><p><strong>Director:<\/strong> Juan Jos\u00e9 Rivera Verduzco<\/p><p><strong>Administrador:<\/strong> Ram\u00f3n Avedoy Arredondo<\/p>","protected":false},"excerpt":{"rendered":"<p>T\u00edtulo: La Prensa de Nayarit Director: Juan Jos\u00e9 Rivera Verduzco Administrador: Ram\u00f3n Avedoy Arredondo<\/p>\n","protected":false},"author":1,"featured_media":3476,"parent":0,"menu_order":0,"comment_status":"closed","ping_status":"closed","template":"","meta":{"footnotes":""},"class_list":["post-3475","page","type-page","status-publish","has-post-thumbnail","hentry"],"_links":{"self":[{"href":"https:\/\/wpt.noticiasdenayarit.com\/index.php?rest_route=\/wp\/v2\/pages\/3475","targetHints":{"allow":["GET"]}}],"collection":[{"href":"https:\/\/wpt.noticiasdenayarit.com\/index.php?rest_route=\/wp\/v2\/pages"}],"about":[{"href":"https:\/\/wpt.noticiasdenayarit.com\/index.php?rest_route=\/wp\/v2\/types\/page"}],"author":[{"embeddable":true,"href":"https:\/\/wpt.noticiasdenayarit.com\/index.php?rest_route=\/wp\/v2\/users\/1"}],"replies":[{"embeddable":true,"href":"https:\/\/wpt.noticiasdenayarit.com\/index.php?rest_route=%2Fwp%2Fv2%2Fcomments&post=3475"}],"version-history":[{"count":2,"href":"https:\/\/wpt.noticiasdenayarit.com\/index.php?rest_route=\/wp\/v2\/pages\/3475\/revisions"}],"predecessor-version":[{"id":3647,"href":"https:\/\/wpt.noticiasdenayarit.com\/index.php?rest_route=\/wp\/v2\/pages\/3475\/revisions\/3647"}],"wp:featuredmedia":[{"embeddable":true,"href":"https:\/\/wpt.noticiasdenayarit.com\/index.php?rest_route=\/wp\/v2\/media\/3476"}],"wp:attachment":[{"href":"https:\/\/wpt.noticiasdenayarit.com\/index.php?rest_route=%2Fwp%2Fv2%2Fmedia&parent=3475"}],"curies":[{"name":"wp","href":"https:\/\/api.w.org\/{rel}","templated":true}]}}